/k. Calculate the greatest common factor of r and 7.
7
Let f(j) = -6*j + j**2 + 3 - 2*j**2 + 0*j**2 - 4. Let l be f(-8). Let v = l + 32. What is the highest common factor of 15 and v?
15
Let o be 4088/20 + (-6)/(-10). Let z = -2 + 5. Let t be z/(-9) + o/3. Calculate the greatest common factor of t and 17.
17
Let b be (-54)/12*(1 - 532/12). Calculate the greatest common divisor of 105 and b.
15
Suppose 0 = 3*y + 4*c - 81 - 222, -2*y - 3*c = -201. Suppose 9 = 4*q - 39. Let o = 3 + q. Calculate the highest common divisor of y and o.
15
Suppose -60*w + 10117 = -17243. What is the greatest common factor of w and 48?
24
Suppose -23 = -5*f + 12. Let h = 70 - 98. Let k be (-1 + 2)/((-4)/h). What is the greatest common divisor of k and f?
7
Let f(g) = -g + 9. Let k = -13 + 18. Let u be f(k). Suppose u*h = -2 + 6. What is the greatest common divisor of h and 7?
1
Let a(k) = 1 + 1 + 3*k - 3 - k**2. Let w be a(3). Let f be -1 + (1 - w) + 16. What is the highest common factor of f and 51?
17
Let u be (-1371060)/(-1530) - (1 + 30/(-34)). What is the greatest common factor of 112 and u?
112
Let o = -342 - -683. Suppose -842 = -29*r + 57. Calculate the highest common divisor of o and r.
31
Let s(b) = -b**3 + 12*b**2 - 19*b + 90. Let d be s(10). What is the highest common divisor of d and 450?
50
Let q = 4 + 12. Suppose -12*f + 7*f - 111 = u, -2*u + 8 = 0. Let m = 151 + f. What is the greatest common divisor of m and q?
16
Suppose -14 = -4*l + 2*x, 2*l - 55 = -3*l - 5*x. Let j(m) = 2*m**2 + l*m - 5*m - 3 + 0*m**2. Let q be j(4). What is the greatest common factor of q and 11?
11
Let f(g) = g - 7. Let v be f(-7). Let y = v - -17. Suppose -u + y = u + s, s = u. What is the greatest common factor of 9 and u?
1
Let z(m) = m + 11 - 7*m + 9*m + 3. Let x be z(11). Let c = -33 + x. What is the greatest common divisor of 126 and c?
14
Let k(n) = -n**3 + 6*n**2 - 3*n + 2. Let j be k(4). Suppose -3 = a - j. Let g be 4/10*(a - -1). What is the highest common divisor of 8 and g?
8
Let k = -1 - -1. Let r be ((-16)/5)/((-108)/810). Suppose k = 5*c - 7*c + r. Calculate the greatest common divisor of c and 60.
12
Let v = 1009 + -657. Calculate the greatest common divisor of v and 96.
32
Suppose -9*o + 4*o - 4*c = -6884, c = -4. What is the highest common factor of o and 120?
60
Let s = -56 - 18. Let b = s + 219. Let q be ((-2)/4)/((-1)/58). What is the highest common divisor of q and b?
29
Suppose 0 = 8*r - 653 - 1075. Suppose 8*c + r = 10*c. Calculate the highest common divisor of 12 and c.
12
Suppose 4*x - 17 = 5*u + 74, -22 = -x + 2*u. Let n be 5/2 + (-3)/(-2). Suppose -n*h + 565 = -107. What is the highest common factor of h and x?
24
Let r(d) = 2*d**2 - 6*d + 10. Let c be r(6). Suppose -2*k + c = -20. Calculate the greatest common divisor of 363 and k.
33
Let p be (10 - -251)*2/2. Calculate the greatest common divisor of p and 9.
9
Let m(b) = 14*b - 4. Let n be m(2). Suppose -n = -3*z - z. What is the greatest common divisor of z and 54?
6
Suppose 5*f + 0 = k + 15, 0 = -5*f - 4*k + 15. Let n be (1/f)/(2/18). Suppose -6*m + 9691 = 9547. What is the highest common divisor of n and m?
3
Suppose 4*r - s = 14, r - 3*s + 2 = -0*r. Suppose 5 + 15 = r*w. What is the greatest common divisor of w and 10?
5
Suppose 10*z = 117 + 2043. What is the highest common factor of z and 12?
12
Let m = -1402 - -1404. Calculate the highest common factor of m and 118.
2
Suppose 0 = 2*l + 6, 9 = 6*o - o + 2*l. Suppose 2*t - 5*t = o. Let j be 1/(t - (-12)/11). What is the highest common factor of j and 88?
11
Suppose -1200 = -7*w + 2*w. Suppose 2*s - w = -2*s. Let f = 21 - 6. Calculate the highest common divisor of s and f.
15
Let f be (-1 - -1) + -11 + 12. Let p be ((-18)/(-24))/(f/4). Suppose -p*b = -0*b - 54. Calculate the greatest common factor of 162 and b.
18
Let j = 226 - 176. Calculate the greatest common divisor of 10 and j.
10
Suppose 0*m + 26 = b + m, -5*b - 2*m + 136 = 0. Let c(s) = -s + 4. Let u be c(5). Let n be 4 + (b - 1/u). What is the greatest common divisor of n and 66?
33
Let s = -539 - -651. Suppose -4*w = -4*c - w - 4, -2 = c - w. Suppose -c*y + 6 = -50. Calculate the greatest common factor of y and s.
28
Let o = 386 + -375. Calculate the highest common factor of 22 and o.
11
Suppose 4 = 2*d - 4. Let g = 414 - 414. Suppose g = 2*a + r - 208, 424 = d*a - 5*r + 3*r. What is the highest common factor of a and 21?
21
Let w = -557 - -391. Let o be w/(-2) + (2 - 5). What is the highest common divisor of o and 10?
10
Let a be 4/9 + 732/54. What is the greatest common factor of 16 and a?
2
Let b(l) = 4*l**3 - l**2 + l + 2. Let q be b(-1). Let j be (q + 7 - -31) + -3. What is the greatest common divisor of 93 and j?
31
Let x = -134 - -153. Suppose -5*q = 5*b - 100, -q - b - 72 = -4*q. Let r = q - x. What is the greatest common divisor of 12 and r?
4
Let p = 440 - 780. Let o be (20/25)/((-2)/p). Let h = 19 - 2. Calculate the highest common factor of o and h.
17
Let w be (-6)/(2/1) + -4 + 44. Suppose 0 = -4*i + 5*i - 333. Calculate the highest common divisor of i and w.
37
Let s be (0 - 1)/((-17)/51). Let x = 4 + -2. Suppose -2*j = 0, -x*o - 5 = -s*o - 3*j. What is the highest common factor of 55 and o?
5
Let f be (-6)/10*(-170)/1. Calculate the greatest common factor of 136 and f.
34
Suppose s = 2*i + 16, -2*i + 0 = -2*s + 32. What is the highest common divisor of 80 and s?
16
Suppose 0 = 13*z - 192 - 588. Calculate the highest common factor of 100 and z.
20
Let r be (44550/200)/((-9)/(-24)). What is the greatest common factor of 18 and r?
18
Let g be ((-2)/(-16)*-2)/((-2)/(-8)). Let n be (((-45)/6)/5 - g)*-14. What is the highest common factor of n and 1?
1
Let x(o) = 131*o + 4. Let k be x(1). What is the highest common divisor of k and 54?
27
Suppose c + 18 = 3*k, -2*k - 25 = 2*c + 3*k. Let f = c + 33. Calculate the highest common divisor of 27 and f.
9
Let n = -9 + 12. Suppose -n*o + 4 = 34. Let i = o - -12. Calculate the highest common factor of i and 14.
2
Suppose 3*u - 212 + 44 = 0. Let z be (14/(-3))/(100/(-150)) - -1. Calculate the highest common divisor of u and z.
8
Let j = 62 + 10. What is the highest common factor of 96 and j?
24
Let p = 1875 + -1721. Suppose y = 6 + 8. What is the highest common divisor of p and y?
14
Suppose -m + 0*m = -16. Let v be (0 - -11) + m/8. Let f(o) = o**2 + 14*o + 13. Let y be f(-14). Calculate the greatest common divisor of v and y.
13
Let m(i) = 50*i + 937. Let l be m(-18). What is the greatest common factor of 1184 and l?
37
Let g be 2717/57 + (0 - -4)/12. Let y be (-2 + 72)*(-16)/(-10). Calculate the highest common factor of y and g.
16
Let k = 8 - 6. Suppose k*w - 112 = -2*w. Let d = 90 - 83. Calculate the highest common divisor of w and d.
7
Suppose -10*u - 49 = -449. Calculate the greatest common factor of 15 and u.
5
Let h be 1/(-3) - 256/12*-1. Suppose 0 = 4*q - 5*u + 9, -4*q + u - 2*u + h = 0. What is the highest common divisor of 32 and q?
4
Suppose 6*r - 3*r = 4*y + 143, -4*r + 5*y + 192 = 0. Let h = r - 17. Calculate the highest common factor of 396 and h.
36
Suppose -14575 = -34*j - 3865. What is the greatest common factor of 455 and j?
35
Let l(g) = -g - 12. Let p be l(-10). Let c be (7 + -3)/(-1) - p. Let a be c/4 - 34/(-4). What is the greatest common divisor of 2 and a?
2
Let n = 9 - 9. Suppose -7*l + 9*l - 8 = n. Suppose 5*m + l*a + 44 = 6*m, -4*a = -5*m + 268. Calculate the highest common factor of 14 and m.
14
Let x be 8/(-3)*(-108)/8. Let b be ((-8)/10)/((-12)/60). Suppose f - 87 = -2*f - 3*r, 0 = -f + 4*r + b. What is the greatest common factor of x and f?
12
Let q be (102/(-30) - -3) + (-1202)/(-5). What is the highest common factor of q and 15?
15
Let c(m) = -m + 7. Let d be c(8). Let a be (-1 - -3)/(d/(-1)). What is the highest common factor of a and 2?
2
Let l = 54 + -53. Let x be 3/2*(7 - l). What is the greatest common factor of x and 45?
9
Suppose -2*v - 2*j = -152, -4*j - 32 = -2*v + 108. Let o = v + -47. Calculate the highest common factor of o and 243.
27
Let b(r) = r**3 - 10*r**2 - 12*r + 10. Let j be b(11). Let v = j + 14. Calculate the greatest common divisor of v and 39.
13
Let l = 181 - 112. Suppose 0 = r - 0 - 1. Suppose 24 = c + r. What is the greatest common factor of c and l?
23
Let c(o) = -o**3 + 6*